{"id":13,"date":"2025-12-03T22:39:14","date_gmt":"2025-12-03T22:39:14","guid":{"rendered":"https:\/\/www.miderechomilugar.gob.mx\/blog\/?page_id=13"},"modified":"2026-04-13T22:12:54","modified_gmt":"2026-04-13T22:12:54","slug":"documentos-informativos-del-proceso-de-asignacion","status":"publish","type":"page","link":"https:\/\/www.miderechomilugar.gob.mx\/blog\/documentos-informativos-del-proceso-de-asignacion\/","title":{"rendered":"Documentos informativos del proceso de asignaci\u00f3n"},"content":{"rendered":"\n<p class=\"text-left mb-5\" style=\"font-size: 20px; font-weight: 400; color:#161A1D;\">\n      Consulta los documentos informativos del Proceso de Asignaci\u00f3n 2026.\n    <\/p>\n<div class=\"row g-5\">\n\n  <!-- 1. CONVOCATORIA -->\n  <div class=\"col-12 col-md-6\">\n    <div class=\"card shadow bg-white rounded-lg text-left h-100 d-flex flex-column\" style=\"padding:16px 24px;\">\n      <div class=\"card-body\">\n        <h5 class=\"mb-3\" style=\"font-size:18px; font-weight:600; color:#161A1D;\">\n          1.- Convocatoria\n        <\/h5>\n        <p class=\"card-text\" style=\"font-size:16px; font-weight:400; color:#161A1D;\">\n          Consulta la convocatoria oficial del proceso de asignaci\u00f3n y selecci\u00f3n a Educaci\u00f3n Media Superior, donde se establecen las fechas, etapas y criterios de participaci\u00f3n.\n        <\/p>\n      <\/div>\n\n      <div class=\"card-actions mt-auto\">\n        <a href=\"https:\/\/www.miderechomilugar.gob.mx\/blog\/wp-content\/uploads\/2026\/04\/CONVOCATORIA-2026_Fecha-ampliada.pdf\" target=\"_blank\" class=\"btn btn-link\" style=\"color:#9B2247; font-size:16px; font-weight:600; text-decoration:underline; padding-left:0;\">\n          Consultar\n          <svg xmlns=\"http:\/\/www.w3.org\/2000\/svg\" width=\"9\" height=\"15\" viewBox=\"0 0 9 15\" fill=\"none\">\n            <path d=\"M8.55 7.5L1.05 15L0 13.95L6.45 7.5L0 1.05L1.05 0L8.55 7.5Z\" fill=\"#9B2247\"\/>\n          <\/svg>\n        <\/a>\n      <\/div>\n\n    <\/div>\n  <\/div>\n\n\n  <!-- 2. Instructivo -->\n  <div class=\"col-12 col-md-6\">\n    <div class=\"card shadow bg-white rounded-lg text-left h-100 d-flex flex-column\" style=\"padding:16px 24px;\">\n      <div class=\"card-body\">\n        <h5 class=\"mb-3\" style=\"font-size:18px; font-weight:600; color:#161A1D;\">\n          2.- Instructivo\n        <\/h5>\n\n        <p class=\"card-text\" style=\"font-size:16px; font-weight:400; color:#161A1D;\">\n          Consulta el instructivo para conocer, paso a paso, c\u00f3mo realizar el registro y la selecci\u00f3n de tus opciones educativas.\n        <\/p>\n      <\/div>\n\n      <div class=\"card-actions mt-auto\">\n        <a href=\"https:\/\/www.miderechomilugar.gob.mx\/blog\/wp-content\/uploads\/2026\/04\/INSTRUCTIVO-2026_Fecha-ampliada.pdf\"  target=\"_blank\" class=\"btn btn-link\" style=\"color:#9B2247; font-size:16px; font-weight:600; text-decoration:underline; padding-left:0;\">\n          Consultar\n          <svg xmlns=\"http:\/\/www.w3.org\/2000\/svg\" width=\"9\" height=\"15\" viewBox=\"0 0 9 15\" fill=\"none\">\n            <path d=\"M8.55 7.5L1.05 15L0 13.95L6.45 7.5L0 1.05L1.05 0L8.55 7.5Z\" fill=\"#9B2247\"\/>\n          <\/svg>\n        <\/a>\n      <\/div>\n\n    <\/div>\n  <\/div>\n\n\n  <!-- 3. OPCIONES SIN EXAMEN -->\n  <div class=\"col-12 col-md-6\">\n    <div class=\"card shadow bg-white rounded-lg text-left h-100 d-flex flex-column\" style=\"padding:16px 24px;\">\n      <div class=\"card-body\">\n        <h5 class=\"mb-3\" style=\"font-size:18px; font-weight:600; color:#161A1D;\">\n          3.- Cat\u00e1logo de opciones educativas sin examen\n        <\/h5>\n        <p class=\"card-text\" style=\"font-size:16px; font-weight:400; color:#161A1D;\">\n          Consulta el cat\u00e1logo de escuelas que ofrecen ingreso directo, sin aplicaci\u00f3n de examen, y revisa las opciones disponibles.\n        <\/p>\n      <\/div>\n\n      <div class=\"card-actions mt-auto\">\n        <a href=\"https:\/\/www.miderechomilugar.gob.mx\/blog\/wp-content\/uploads\/2026\/03\/CATALOGO-DE-OPCIONES-EDUCATIVAS-SIN-EXAMEN-2026-2.pdf\"  target=\"_blank\" class=\"btn btn-link\" style=\"color:#9B2247; font-size:16px; font-weight:600; text-decoration:underline; padding-left:0;\">\n          Consultar\n          <svg xmlns=\"http:\/\/www.w3.org\/2000\/svg\" width=\"9\" height=\"15\" viewBox=\"0 0 9 15\" fill=\"none\">\n            <path d=\"M8.55 7.5L1.05 15L0 13.95L6.45 7.5L0 1.05L1.05 0L8.55 7.5Z\" fill=\"#9B2247\"\/>\n          <\/svg>\n        <\/a>\n      <\/div>\n\n    <\/div>\n  <\/div>\n\n\n  <!-- 4. OPCIONES CON EXAMEN -->\n  <div class=\"col-12 col-md-6\">\n    <div class=\"card shadow bg-white rounded-lg text-left h-100 d-flex flex-column\" style=\"padding:16px 24px;\">\n      <div class=\"card-body\">\n        <h5 class=\"mb-3\" style=\"font-size:18px; font-weight:600; color:#161A1D;\">\n          4.- Cat\u00e1logo de opciones educativas con examen\n        <\/h5>\n        <p class=\"card-text\" style=\"font-size:16px; font-weight:400; color:#161A1D;\">\n          Consulta el cat\u00e1logo de escuelas cuyo ingreso requiere la presentaci\u00f3n de un examen de selecci\u00f3n.\n        <\/p>\n      <\/div>\n\n      <div class=\"card-actions mt-auto\">\n        <a href=\"https:\/\/www.miderechomilugar.gob.mx\/blog\/wp-content\/uploads\/2026\/02\/CATALOGO-DE-OPCIONES-EDUCATIVAS-CON-EXAMEN-2026.pdf\"  target=\"_blank\" class=\"btn btn-link\" style=\"color:#9B2247; font-size:16px; font-weight:600; text-decoration:underline; padding-left:0;\">\n          Consultar\n          <svg xmlns=\"http:\/\/www.w3.org\/2000\/svg\" width=\"9\" height=\"15\" viewBox=\"0 0 9 15\" fill=\"none\">\n            <path d=\"M8.55 7.5L1.05 15L0 13.95L6.45 7.5L0 1.05L1.05 0L8.55 7.5Z\" fill=\"#9B2247\"\/>\n          <\/svg>\n        <\/a>\n      <\/div>\n\n    <\/div>\n  <\/div>\n\n\n  <!-- 5. REQUISITOS -->\n  <div class=\"col-12 col-md-6\">\n    <div class=\"card shadow bg-white rounded-lg text-left h-100 d-flex flex-column\" style=\"padding:16px 24px;\">\n      <div class=\"card-body\">\n        <h5 class=\"mb-3\" style=\"font-size:18px; font-weight:600; color:#161A1D;\">\n         5.- Requisitos e informaci\u00f3n de las instituciones\n        <\/h5>\n        <p class=\"card-text\" style=\"font-size:16px; font-weight:400; color:#161A1D;\">\n          Consulta los requisitos y la documentaci\u00f3n necesaria para participar en el proceso de asignaci\u00f3n.\n        <\/p>\n      <\/div>\n\n      <div class=\"card-actions mt-auto\">\n        <a href=\"https:\/\/www.miderechomilugar.gob.mx\/blog\/wp-content\/uploads\/2026\/02\/REQUISITOS-E-INFORMACION-DE-LAS-INSTITUCIONES-2026.pdf\"  target=\"_blank\" class=\"btn btn-link\" style=\"color:#9B2247; font-size:16px; font-weight:600; text-decoration:underline; padding-left:0;\">\n          Consultar\n          <svg xmlns=\"http:\/\/www.w3.org\/2000\/svg\" width=\"9\" height=\"15\" viewBox=\"0 0 9 15\" fill=\"none\">\n            <path d=\"M8.55 7.5L1.05 15L0 13.95L6.45 7.5L0 1.05L1.05 0L8.55 7.5Z\" fill=\"#9B2247\"\/>\n          <\/svg>\n        <\/a>\n      <\/div>\n\n    <\/div>\n  <\/div>\n\n\n  <!-- 6. CENTROS DE APOYO DIGITAL -->\n  <div class=\"col-12 col-md-6\">\n    <div class=\"card shadow bg-white rounded-lg text-left h-100 d-flex flex-column\" style=\"padding:16px 24px;\">\n      <div class=\"card-body\">\n        <h5 class=\"mb-3\" style=\"font-size:18px; font-weight:600; color:#161A1D;\">\n         6.- Centros de apoyo digital\n        <\/h5>\n        <p class=\"card-text\" style=\"font-size:16px; font-weight:400; color:#161A1D;\">\n          Consulta los planteles donde podr\u00e1s disponer de equipo de c\u00f3mputo y conexi\u00f3n a internet para realizar tu registro al proceso de asignaci\u00f3n.\n        <\/p>\n      <\/div>\n\n      <div class=\"card-actions mt-auto\">\n        <a href=\"https:\/\/www.miderechomilugar.gob.mx\/blog\/wp-content\/uploads\/2026\/03\/CENTROS-DE-APOYO-DIGITAL_2026.pdf\"  target=\"_blank\" class=\"btn btn-link\" style=\"color:#9B2247; font-size:16px; font-weight:600; text-decoration:underline; padding-left:0;\">\n          Consultar\n          <svg xmlns=\"http:\/\/www.w3.org\/2000\/svg\" width=\"9\" height=\"15\" viewBox=\"0 0 9 15\" fill=\"none\">\n            <path d=\"M8.55 7.5L1.05 15L0 13.95L6.45 7.5L0 1.05L1.05 0L8.55 7.5Z\" fill=\"#9B2247\"\/>\n          <\/svg>\n        <\/a>\n      <\/div>\n\n    <\/div>\n  <\/div>\n\n\n\n<\/div>\n","protected":false},"excerpt":{"rendered":"<p>Consulta los documentos informativos del Proceso de Asignaci\u00f3n 2026. 1.- Convocatoria Consulta la convocatoria oficial del proceso de asignaci\u00f3n y selecci\u00f3n a Educaci\u00f3n Media Superior, donde se establecen las fechas, etapas y criterios de participaci\u00f3n. Consultar 2.- Instructivo Consulta el instructivo para conocer, paso a paso, c\u00f3mo realizar el registro y la selecci\u00f3n de tus [&hellip;]<\/p>\n","protected":false},"author":1,"featured_media":0,"parent":0,"menu_order":0,"comment_status":"closed","ping_status":"closed","template":"","meta":{"footnotes":""},"class_list":["post-13","page","type-page","status-publish","hentry"],"_links":{"self":[{"href":"https:\/\/www.miderechomilugar.gob.mx\/blog\/wp-json\/wp\/v2\/pages\/13","targetHints":{"allow":["GET"]}}],"collection":[{"href":"https:\/\/www.miderechomilugar.gob.mx\/blog\/wp-json\/wp\/v2\/pages"}],"about":[{"href":"https:\/\/www.miderechomilugar.gob.mx\/blog\/wp-json\/wp\/v2\/types\/page"}],"author":[{"embeddable":true,"href":"https:\/\/www.miderechomilugar.gob.mx\/blog\/wp-json\/wp\/v2\/users\/1"}],"replies":[{"embeddable":true,"href":"https:\/\/www.miderechomilugar.gob.mx\/blog\/wp-json\/wp\/v2\/comments?post=13"}],"version-history":[{"count":29,"href":"https:\/\/www.miderechomilugar.gob.mx\/blog\/wp-json\/wp\/v2\/pages\/13\/revisions"}],"predecessor-version":[{"id":305,"href":"https:\/\/www.miderechomilugar.gob.mx\/blog\/wp-json\/wp\/v2\/pages\/13\/revisions\/305"}],"wp:attachment":[{"href":"https:\/\/www.miderechomilugar.gob.mx\/blog\/wp-json\/wp\/v2\/media?parent=13"}],"curies":[{"name":"wp","href":"https:\/\/api.w.org\/{rel}","templated":true}]}}